k) + 6*c(k). What is o(6)?
5
Let m(z) = 3 + 311*z - 312*z + 0 - 2. Let f = -17 - -27. Determine m(f).
-9
Let j = -295 + 317. Let h(z) = z**2 - 20*z - 38. Give h(j).
6
Let j = 1490 - 1476. Let w(b) = 2*b**2 - 29*b + 18. Determine w(j).
4
Let c(g) = 2*g**3 + 12*g**2 - 3*g - 62. Let w(f) = -f**3 - 6*f**2 + f + 28. Let s(a) = 3*c(a) + 7*w(a). Give s(-5).
-5
Let m(x) = 0 + 0 - 24 + 6 + 5*x + 13. What is m(-4)?
-25
Let y(i) be the first derivative of i**3/3 + 2*i**2 + i - 2. Suppose 0 = 3*m + 2*g + 12, -3*g = m + 17 - 13. What is y(m)?
1
Let m = -25 + 29. Suppose 0 = m*z + b - 13, 0 = 2*z + z - 3*b - 6. Let f(o) = -7*o + z + o**2 + 1 + 1. Determine f(5).
-5
Let a be -3*-3*4/(-12). Let c(m) = -m**3 - 3*m**2 - 2*m - 2. Let n be c(a). Let g(q) = 6 + q**2 - 2 - 8*q + n - 3. Calculate g(6).
-7
Suppose 13 = 2*b + 1. Let a(f) = -7*f**2 + 6*f**2 + 2*f**2 + 2 - b*f - 2*f**2. Let h = 0 - 6. Determine a(h).
2
Suppose 0 = -y + 2*y + 5. Let r(c) = -2*c**3 - 13*c**2 - 8. Let s(a) = -a**3 - 6*a**2 + a - 4. Let d(p) = -2*r(p) + 5*s(p). What is d(y)?
-4
Let d(c) = -c - 17. Let l(s) = -2*s**3 + 3*s + 4. Let f be l(-3). Let y = 35 - f. Let p be d(y). Let z(t) = -2*t**2 - t + 3. What is z(p)?
-12
Let p(l) = -34*l + 75*l + 1 - 14*l**2 - 43*l. Determine p(1).
-15
Let t(y) = -y + 77. Let m(d) = -56. Let x(i) = 3*m(i) + 2*t(i). Calculate x(-11).
8
Let l(i) be the third derivative of i**6/120 + i**5/12 - i**4/12 + 2*i**2. Let v be l(-6). Let w = v - -25. Let o(u) = -u**2 - u + 1. Calculate o(w).
-1
Let a(q) be the first derivative of q**2/2 - 8*q + 1. Suppose -5*d = -4*c - 10, -3 - 1 = -2*d + 2*c. Let z be (-3)/(18/(-22)) + d/6. What is a(z)?
-4
Let x(o) = -4*o**2 - 8*o - 4. Let v be x(-7). Let h = -152 - v. Let y(l) = l**3 + 7*l**2 - 8*l - 6. Calculate y(h).
-6
Let g(n) = 3*n**3 + 6*n**2 + 15*n - 31. Let i(r) = 2*r**3 + 6*r**2 + 16*r - 28. Let b(v) = 3*g(v) - 4*i(v). Determine b(8).
-5
Suppose -7*k + 4 + 3 = 0. Let m(c) = c**3 + 3*c**2 + c - 4. Let w be m(2). Let h(n) = w*n + k + 3 - 14*n. Give h(-4).
-12
Suppose 44 = -4*s + 4*x, 0 = 4*s - x + 3*x + 44. Let z = s + 11. Let g(d) = -d - 14. Determine g(z).
-14
Let t(k) = k**3 - k**2 + 2*k - 2. Suppose 27 = -271*z + 280*z. What is t(z)?
22
Suppose -j = j + 3*g + 16, 5*g + 35 = -5*j. Let h be j + 3 + 2*8. Let b = 13 - h. Let d(u) = 8*u + 1. Determine d(b).
-7
Let b = -10 - -12. Let d(o) = 9*o**2 + 0 - 8*o**b + 2. Let a = -3 - -6. Determine d(a).
11
Let t be (40/(-12))/(4/(-6)). Let a(u) = 35843 - u**3 - 4*u - 4*u**2 + u**3 + u**3 - 35846. What is a(t)?
2
Let c(j) = -j**3 + 7*j**2 - j + 2. Let s be c(6). Suppose 4*r - s = -0. Let y(z) = 2*z - z + r + 4 - 3. Give y(-7).
2
Let n(c) = -c - 9. Suppose r + 75 = m - 0*m, 4*r + 2*m + 276 = 0. Let u = -79 - r. Give n(u).
-1
Let d(x) = 2*x**3 + 3*x**2 + x. Let v be (9 + -6)/((-6)/4). Determine d(v).
-6
Let o(g) = g**3 + 4*g**2 - 1. Let z = -1066 + 1063. Give o(z).
8
Let s(a) = a**2 + 4*a - 7. Suppose -47 = -3*h - 4*j, 4*j + 16 = h + 3*h. Let g(l) = -l**2 + 10*l - 15. Let d be g(h). Calculate s(d).
5
Let o(b) = 2*b**2 - 21*b - 23. Let d(a) = -a**2 + 10*a + 11. Let u(j) = 5*d(j) + 2*o(j). What is u(9)?
0
Let h(y) be the first derivative of 1/2*y**2 - 4*y - 1/3*y**3 + 1/6*y**4 - 1/5*y**5 - 3. Let m(i) be the first derivative of h(i). Calculate m(1).
-3
Let y(s) = s**3 + s + 1. Let c(n) = 5*n**3 - 5*n**2 + 10*n - 1. Let m(i) = c(i) - 4*y(i). Give m(4).
3
Let a(y) = -2*y**2 + 8*y - 8. Let d be (12/(-21))/((-72)/14 + 5). Determine a(d).
-8
Let a(u) = 5*u - 7. Let b be a(3). Let j(t) = 0*t - t**2 - 5*t + b*t + 2. Let r be j(4). Let i(y) = -2*y**3 - 2*y**2 + 2*y. Give i(r).
4
Let g(n) = 7*n**3 - 14*n**2 - 10*n. Let y(o) = -12*o**3 + 26*o**2 + 19*o + 1. Let c(b) = -7*g(b) - 4*y(b). What is c(-5)?
1
Let i be 24/9 + -2 + 130/30. Let o = i + 0. Let p(j) be the second derivative of j**5/20 - j**4/2 + j**3 - 5*j**2/2 + 2*j. Calculate p(o).
0
Let m(i) = -i - 7. Suppose -3*a + 17 = -16. What is m(a)?
-18
Let o be -1*(3 + -2 + -15). Suppose -12*z + o*z - 4 = 0. Suppose -z = 4*q + 6. Let m(b) = b**3 + 2*b**2 - b - 1. Calculate m(q).
1
Let q(r) = -4*r**3 + r**2 + 1 - 4*r + 6*r**3 - 2*r**2 + 3*r. Let n = 43 + -42. What is q(n)?
1
Let f(y) = -13*y**3 + 9*y**2 - 7*y - 19. Let m(i) = 5*i**3 - 3*i**2 + 2*i + 6. Let d(l) = -3*f(l) - 8*m(l). Calculate d(-4).
5
Let z = 0 + -4. Let y(d) = d**2 + 4 - 5*d**2 + d - d**2 + d**2 - d**3. Give y(z).
0
Suppose -i = -5*b + 2*i + 6, 5*i - 3 = 4*b. Let a = 11 + -8. Let t(n) = 11 + 0*n - a*n - 7. Determine t(b).
-5
Let f(k) be the second derivative of -7*k**5/10 - k**4/6 + k**3/3 - k**2/2 - k. Let h(a) = 14*a**2 + 28*a + 1. Let x be h(-2). Calculate f(x).
-15
Let n(s) = 4*s - 2 + s - 2 - s**2. Let u be 3/(-5) - 1671/15. Let t = u - -116. Determine n(t).
0
Suppose 0 = -51*c + 48*c - 5*d + 37, -5*c + 4*d = 0. Let x(n) = -n**2 - 4*n - 3. What is x(c)?
-35
Let k(q) = -2*q**2 - 1. Let m be k(1). Let t(i) = i**3 + 2*i**2 - 3*i - 4. Let r(z) = 3*z**3 + 6*z**2 - 9*z - 12. Let s(n) = m*r(n) + 8*t(n). Calculate s(-3).
4
Let q(i) = -i**3 + 9*i**2 - 12*i + 12. Let c(m) = -17*m - 77. Let y be c(-5). Determine q(y).
-20
Let t(j) be the third derivative of 1/24*j**4 + 1/120*j**6 - j**2 - 1/3*j**3 - 1/6*j**5 + 0*j + 15. Determine t(10).
8
Let r(g) = g**3 - 5*g**2 + 2*g + 4. Suppose -4*s = -5*o + 18, 6*o = 7*o + s. What is r(o)?
-4
Let k(w) = -w**2 - 3*w. Let m(l) = l. Let d = 38 + -37. Let j(f) = d*k(f) - m(f). What is j(-2)?
4
Let v(c) = -c**2 - 8*c. Let y be v(-7). Let a(l) = 13*l + 6 - 12*l + 0*l + 3*l - 5*l. Calculate a(y).
-1
Let x(z) = z**2 + 8*z + 7. Let i(w) be the second derivative of w**5/10 - 5*w**4/3 - w**3/2 + 12*w**2 + w + 3. Let k be i(10). Give x(k).
-5
Let g(p) = -p**2 + p + 10. Let c be g(-2). Let y(l) = l**2 - 7*l + 7. Calculate y(c).
-5
Let k(b) = b. Let d(i) = 13*i - 5. Let c(n) = -7*n + 3. Let j(v) = -5*c(v) - 2*d(v). Let u(t) = -j(t) + 5*k(t). Determine u(4).
-11
Suppose -w = -58 + 72. Let h(k) = -3*k - 48. Determine h(w).
-6
Let b(w) = w**2 + 28*w**3 + 0*w + 5*w - 4*w - 1. Give b(1).
29
Let f(s) be the third derivative of -s**2 + 1/120*s**6 + 0 - s**3 + 1/20*s**5 + 0*s - 1/4*s**4. Suppose -6*d + d - 8 = 2*o, 0 = 2*d. Determine f(o).
2
Let s(m) = -m - 1. Let k(p) = -3*p - 1. Let g(a) = 2*k(a) - 5*s(a). Let b(q) = 2*q**3 - 34*q**2 - q + 17. Let c be b(17). Determine g(c).
3
Let z = 1208 - 1187. Let p(l) = -l**2 + 20*l + 24. Determine p(z).
3
Let z(f) = -10*f**2 + 46*f - 117. Let o(u) = 7*u**2 - 31*u + 78. Let s(d) = -7*o(d) - 5*z(d). Determine s(10).
9
Let i(o) = 1. Let y(d) = -d + 3. Let k(f) = 3*f - 5. Let l(w) = -2*k(w) - 5*y(w). Let b(t) = 4*i(t) - l(t). Calculate b(-7).
2
Let d be -39*(42/(-18) - -2). Let y(v) = v**3 - 14*v**2 + 14*v - 12. Determine y(d).
1
Let j(n) be the first derivative of n**6/360 - n**5/15 + n**4/8 - 7*n**3/3 - 23. Let y(l) be the third derivative of j(l). Determine y(7).
-4
Let k(f) = -f**2 + 9*f - 7. Suppose 0 = -2*p + 4 + 10. Let c = 14 - p. What is k(c)?
7
Suppose 0 = 3*j + 2*i - 25, -4*i + 2*i + 35 = 5*j. Suppose -2*g = -5*d - 111, 4*d + 190 = 4*g - 14. Let y(r) = 2*r + r + r**2 - 6*r - 53 + g. Calculate y(j).
5
Let g(o) = 162 + 2*o**3 + 0*o - 6*o**3 + 3*o**3 - 3*o - 158 - 3*o**2. What is g(-2)?
6
Let w(q) = -q**2 - 4*q + 8. Suppose 202 - 167 = -7*f. What is w(f)?
3
Let f(n) = -2*n**2 + 8*n - 10. Let i(d) = d**2. Let v(y) = -f(y) - 3*i(y). What is v(-8)?
10
Let k(j) be the second derivative of 5*j**3/6 + 2*j**2 - 8*j. Let t(n) = 4*n + 4. Let y(h) = 5*k(h) - 6*t(h). Suppose 4*f - 2*f = 0. Give y(f).
-4
Let z(i) = -31*i + 29*i + 16 + i + 5*i. Determine z(0).
16
Let x(z) be the third derivative of 1/24*z**4 + 1/6*z**3 + 1/60*z**5 - 5*z**2 + 0 + 0*z. What is x(-3)?
7
Let t(r) = r - 3. Let g = 95 + -91. Suppose g*c - 36 = -14*c. What is t(c)?
-1
Let m(f) = -f**2 + 6*f - 1. Let c be (1/(-2))/(3/(-30)). Let k be m(c). Suppose 2*v + k = 4*v. Let p(b) = b**2 - 2. What is p(v)?
2
Suppose 0 = 108*n - 106*n - 12. Let u(q) be the first derivative of q**4/4 - 7*q**3/3 + 3*q**2 - 3*q + 1. Determine u(n).
-3
Let u(x) = -x**2 - 6*x + 10. Let c be u(-7). Let t = 1 + c. Suppose -18 = -t*g - 6. Let r(o) = -o + 4. Determine r(g).
1
Let f(o) = -7*o**3 + 2*o**2 - 1. Suppose 18 = -2*m + 16, -3*k - 3*m = 0. What is f(k)?
-6
Suppose 0 = 18*f - 56 + 110. Let p